 184684282 is divided by 46171070.
2
Calculate the remainder when 327615 is divided by 2642.
7
Calculate the remainder when 8756030 is divided by 1000.
30
Calculate the remainder when 309806 is divided by 309704.
102
Calculate the remainder when 4978521 is divided by 33190.
21
Calculate the remainder when 57728 is divided by 7214.
16
Calculate the remainder when 257789 is divided by 257658.
131
What is the remainder when 248855 is divided by 50?
5
What is the remainder when 1487480 is divided by 495735?
275
Calculate the remainder when 5165375 is divided by 3290.
75
Calculate the remainder when 21434569 is divided by 1367.
9
What is the remainder when 552523521 is divided by 7878?
7869
Calculate the remainder when 14014 is divided by 2412.
1954
What is the remainder when 21684652 is divided by 5?
2
What is the remainder when 1632557 is divided by 31390?
277
Calculate the remainder when 48571 is divided by 454.
447
What is the remainder when 849924 is divided by 367?
319
Calculate the remainder when 6505195 is divided by 4962.
13
What is the remainder when 10086 is divided by 246?
0
What is the remainder when 3985083 is divided by 30190?
3
What is the remainder when 20605 is divided by 2308?
2141
Calculate the remainder when 484245 is divided by 1459.
1316
What is the remainder when 9955673 is divided by 127?
16
What is the remainder when 7125120 is divided by 1455?
1440
What is the remainder when 44940466 is divided by 651?
634
What is the remainder when 4475590 is divided by 71041?
7
What is the remainder when 293939 is divided by 468?
35
What is the remainder when 37569 is divided by 8957?
1741
What is the remainder when 5094611 is divided by 849100?
11
What is the remainder when 16324172 is divided by 40?
12
Calculate the remainder when 58579100 is divided by 609.
608
Calculate the remainder when 50923078 is divided by 234.
232
Calculate the remainder when 4988923 is divided by 205.
43
Calculate the remainder when 34512669 is divided by 1090.
1089
Calculate the remainder when 48007 is divided by 23965.
77
What is the remainder when 149381 is divided by 10577?
1303
Calculate the remainder when 3190559 is divided by 227.
74
Calculate the remainder when 18795014 is divided by 5004.
4994
Calculate the remainder when 94211591 is divided by 543.
5
What is the remainder when 29927278 is divided by 1357?
0
What is the remainder when 44041 is divided by 20140?
3761
Calculate the remainder when 49997 is divided by 919.
371
Calculate the remainder when 229206 is divided by 463.
21
Calculate the remainder when 982880 is divided by 13.
2
Calculate the remainder when 167018866 is divided by 2889.
2887
Calculate the remainder when 147228 is divided by 4315.
518
What is the remainder when 5015469 is divided by 563?
265
Calculate the remainder when 54275 is divided by 10819.
180
Calculate the remainder when 1654295 is divided by 551421.
32
What is the remainder when 370794 is divided by 206?
200
What is the remainder when 693410356 is divided by 1653?
1651
What is the remainder when 13514980 is divided by 92?
88
Calculate the remainder when 425192 is divided by 18803.
11526
What is the remainder when 229227 is divided by 76104?
915
What is the remainder when 6126 is divided by 3049?
28
What is the remainder when 147064526 is divided by 93?
92
Calculate the remainder when 40341 is divided by 429.
15
Calculate the remainder when 6000743 is divided by 264.
23
Calculate the remainder when 109887680 is divided by 996.
992
What is the remainder when 1952875 is divided by 650907?
154
Calculate the remainder when 3479591 is divided by 217.
213
What is the remainder when 131958 is divided by 276?
30
Calculate the remainder when 1828875 is divided by 304795.
105
What is the remainder when 110004299 is divided by 133?
132
What is the remainder when 3182837 is divided by 1060828?
353
Calculate the remainder when 132892510 is divided by 19.
12
What is the remainder when 8118593 is divided by 48?
17
What is the remainder when 2470195 is divided by 314?
271
What is the remainder when 1602676 is divided by 4873?
4332
What is the remainder when 43363 is divided by 514?
187
Calculate the remainder when 1548876 is divided by 1251.
138
Calculate the remainder when 776819 is divided by 389.
375
What is the remainder when 1580769 is divided by 3609?
27
What is the remainder when 8737172 is divided by 3642?
14
What is the remainder when 23553 is divided by 4710?
3
Calculate the remainder when 47886 is divided by 581.
244
What is the remainder when 15668017 is divided by 460822?
69
Calculate the remainder when 811754 is divided by 4206.
4202
Calculate the remainder when 1789219 is divided by 1964.
15
What is the remainder when 55545239 is divided by 20?
19
Calculate the remainder when 2442255 is divided by 3051.
1455
What is the remainder when 185362 is divided by 966?
856
Calculate the remainder when 18188 is divided by 12946.
5242
What is the remainder when 426990 is divided by 30492?
102
What is the remainder when 666575 is divided by 221839?
1058
Calculate the remainder when 3025569 is divided by 58.
57
Calculate the remainder when 506047 is divided by 8577.
4
Calculate the remainder when 29646 is divided by 2268.
162
What is the remainder when 87136 is divided by 839?
719
Calculate the remainder when 143997 is divided by 2885.
2632
What is the remainder when 1557728 is divided by 519226?
50
Calculate the remainder when 596206 is divided by 62.
14
What is the remainder when 6594223 is divided by 112?
111
What is the remainder when 4127017 is divided by 121381?
63
What is the remainder when 76546 is divided by 76465?
81
What is the remainder when 46394597 is divided by 20?
17
What is the remainder when 37583607 is divided by 48?
39
Calculate the remainder when 65787275 is divided by 574.
561
What is the remainder when 109038 is divided by 108204?
834
What is the remainder when 42578 is divided by 56?
18
Calculate the remainder when 1217021 is divided by 405662.
35
Calculate the remainder when 15606453 is divided by 71.
14
Calculate the remainder when 40903 is divided by 1367.
1260
Calculate the remainder when 3046886 is divided by 2401.
17
What is the remainder when 3704535 is divided by 473?
472
Calculate the remainder when 27410375 is divided by 761399.
11
Calculate the remainder when 2403922 is divided by 7805.
7787
Calculate the remainder when 41704 is divided by 515.
504
What is the remainder when 4681164 is divided by 110?
4
What is the remainder when 226004186 is divided by 94365?
11
What is the remainder when 37479 is divided by 759?
288
What is the remainder when 785874 is divided by 8016?
306
Calculate the remainder when 3429355 is divided by 6816.
907
What is the remainder when 87443 is divided by 87337?
106
What is the remainder when 2422527 is divided by 93174?
3
Calculate the remainder when 363388 is divided by 132.
124
Calculate the remainder when 828849 is divided by 339.
333
What is the remainder when 14212822 is divided by 33?
19
What is the remainder when 1242621 is divided by 96?
93
Calculate the remainder when 2951621 is divided by 8291.
25
What is the remainder when 23386792 is divided by 89?
84
What is the remainder when 76558 is divided by 45?
13
What is the remainder when 257065303 is divided by 105?
103
What is the remainder when 519742 is divided by 660?
322
Calculate the remainder when 9040323 is divided by 2714.
2703
Calculate the remainder when 2437777 is divided by 348253.
6
Calculate the remainder when 9575526 is divided by 2689.
2686
Calculate the remainder when 167454 is divided by 944.
366
Calculate the remainder when 407657 is divided by 455.
432
Calculate the remainder when 11276200 is divided by 17.
15
Calculate the remainder when 239574 is divided by 118870.
1834
What is the remainder when 7137832 is divided by 1826?
1824
Calculate the remainder when 143727 is divided by 179.
169
What is the remainder when 490666 is divided by 2453?
66
Calculate the remainder when 4925770 is divided by 289741.
173
What is the remainder when 1438325 is divided by 1353?
86
Calculate the remainder when 628276 is divided by 4727.
4312
What is the remainder when 21333283 is divided by 7996?
7951
What is the remainder when 16233034 is divided by 8116492?
50